0)*(c/6 + -6). What are the prime factors of (-2)/(-2 - 2)*u?
233
Suppose 0 = -5*w - 33*w - 1216. Let y = w - -552. List the prime factors of y.
2, 5, 13
Let j(f) = -158*f - 1605. What are the prime factors of j(-13)?
449
What are the prime factors of (0 + 47)/(6/(-20)*(-190)/6726)?
2, 47, 59
Let i be (-4)/20 + (-33)/(-15). Let v be (i - 3/12)*8. Suppose -4*j = s - 0*s - v, 3*j - 38 = -2*s. List the prime factors of s.
2, 11
Let s(w) = w**3 + 8*w**2 + 13*w + 4. Let j be s(-5). Let v be -10 + j + (-6)/2. List the prime factors of 3/(v/(-87)*-3).
3, 29
Let i(y) be the first derivative of 5*y**4/4 - y**3/3 - y**2 - 3*y + 44. What are the prime factors of i(4)?
293
Suppose -27529 = -5*o + 3*g, 5*g - 34557 = -5*o - 7052. List the prime factors of o.
2, 43
Let m = -13587 - -23451. What are the prime factors of m?
2, 3, 137
Let z = -3447 - -8662. List the prime factors of z.
5, 7, 149
Let h(r) = -518*r - 4794. List the prime factors of h(-17).
2, 17, 59
Let h = 4864 - -4707. What are the prime factors of h?
17, 563
Let k = 346 + 218. Suppose -10 = -2*z - 4*q - q, 4 = -2*q. Suppose z*c = 6*c + k. List the prime factors of c.
3, 47
Let z(n) = 9*n**2 - 3*n - 7. Let a(h) = h**2 - 11*h + 4. Let u be a(11). Suppose -m + 4*d = -4 - u, -19 = m + 5*d. List the prime factors of z(m).
149
Let h = 1385 - 739. Let g = -41 + h. List the prime factors of g.
5, 11
Let k = -287 - -269. Let w(d) = -d**3 - 20*d**2 - 47*d - 83. What are the prime factors of w(k)?
5, 23
Let x(u) = -u**3 + 7*u**2 - 6*u + 1. Let q be x(6). Suppose -b = -1, -q = -t - 0*t - b. Suppose -5*p + 533 + 77 = t. List the prime factors of p.
2, 61
Suppose 0 = -3*p, 6*q - 9 = 3*q - p. List the prime factors of (888/4)/((q/(-1))/(-3)).
2, 3, 37
Let d(h) = -2*h**2 + 22*h + 18. Let j be d(11). List the prime factors of j/(-27) - (-1685)/3.
3, 11, 17
Suppose -16 = -8*a + 12*a, 0 = 16*q + a - 635852. What are the prime factors of q?
3, 13, 1019
Let q(k) = 11*k - 6. Let g be q(-6). Let u be (-320)/(-18) - 16/g. List the prime factors of -82*(u/(-4) - -4).
41
Suppose 2*t = 2 - 4. List the prime factors of 5*t/(-5)*1*347.
347
List the prime factors of 3749 + -7*(9 - 8).
2, 1871
Let d(n) = -41*n + 33. Let a(i) = 15*i + 25*i + 34*i - 50 - 12*i. Let w(p) = -5*a(p) - 8*d(p). List the prime factors of w(7).
2, 7
Suppose -6 = -2*v - 0*v, 0 = -2*k - 4*v + 16. Suppose 5*s - 30 = -10, -k*s = -4*f + 896. What are the prime factors of f?
2, 113
Let d be -2*(2 - 1) + 4. Suppose 0 = -2*z + 3*a + 3, -37 = -z - 2*z - d*a. What are the prime factors of 528/z - (-12)/(-18)?
2, 29
Let j(q) = -330*q**3 - 12*q**2 - 17*q + 5. List the prime factors of j(-3).
2, 43, 103
Let v = 8605 + -3191. List the prime factors of v.
2, 2707
Let i = 29 - 28. Let d = 3 + i. Suppose -2*a - 44 = -d*o, -2*o - 3*a + 34 = 2*o. List the prime factors of o.
2, 5
Suppose 32*i - 268290 = 292158. List the prime factors of i.
2, 3, 7, 139
Let y(r) = -r**2 + 9*r - 8. Suppose 258*p + 30 = 263*p. Let d be y(p). Suppose d = 2*h, -2*x + x + 4*h = -178. What are the prime factors of x?
2, 3, 11
Let c(w) = -14*w**3 - 81*w**2 - 830*w - 12. List the prime factors of c(-10).
2, 3547
Suppose 240*o = 269*o - 143637. What are the prime factors of o?
3, 13, 127
Suppose 0 = -0*k - 2*k + 100. Let g = k - 57. Let j(w) = -10*w + 41. What are the prime factors of j(g)?
3, 37
Let j = -3984 + 5611. What are the prime factors of j?
1627
Let o be (-1 + (4 - 3))/2. Suppose o = 22*c - 2013 - 3465. What are the prime factors of c?
3, 83
Suppose -3*z + 39 = 10*z. Suppose -3*t = -z*d - 807, 3*d - 163 = 5*t - 1504. List the prime factors of t.
3, 89
Let u(b) = -141*b**3 + 2*b**2 + 2*b + 1. Let d(s) = -s**2 + 15*s - 1. Let o be d(15). Let n be u(o). Suppose 14*a + n = 16*a. What are the prime factors of a?
71
Suppose 6*u - 962 = 4. Let v = -87 + u. Let a = 133 - v. What are the prime factors of a?
59
Suppose -24 = -2*f + 12. Suppose -23*s = -f*s + 20. What are the prime factors of 0/(-5) - s - -17?
3, 7
Let a(v) = v**2 - 12*v - 28. Let w be (28/5)/(4*1/10). Let r be a(w). Suppose r = 4*q - 595 - 45. List the prime factors of q.
2, 5
Let s(v) = v**3 - 12*v**2 + 15*v + 14. Let f = 175 + -46. Let w be (-4)/14 - (-8)/84*f. List the prime factors of s(w).
2, 97
Suppose 66*o = 48*o + 17622. List the prime factors of o.
11, 89
Let d(a) = -7*a - 3. Let z be d(-1). Suppose -z*k = -k + 60. What are the prime factors of (-11)/(-11) - (k + -1)?
2, 11
Suppose 0 = 60*m - 274052 - 202888. What are the prime factors of m?
7949
List the prime factors of 9195 - (125/(-150) - (1060/(-24))/5).
9187
Let d(n) be the third derivative of 85/6*n**3 + 0 - 1/12*n**4 + 0*n + 18*n**2. List the prime factors of d(-8).
101
List the prime factors of (-12)/(-16)*(-9488)/(-6).
2, 593
Let q(m) be the third derivative of -7*m**4/6 - 7*m**3/3 - m**2. Suppose 153*v + 153*v + 50 = 296*v. What are the prime factors of q(v)?
2, 3, 7
What are the prime factors of -334*5/40*-30*6?
3, 5, 167
Let f(z) = -41*z - 125. Let q(m) = 20*m + 63. Let n(y) = -2*f(y) - 5*q(y). List the prime factors of n(-17).
241
Suppose 0*o + o - 14816 = 4*g, 2*o - 3*g - 29642 = 0. What are the prime factors of o?
2, 17, 109
Let w = -70739 - -111993. What are the prime factors of w?
2, 20627
List the prime factors of 457800/105 - (13 - 0).
3, 7, 23
Let o(l) = 3*l**3 + 22*l**2 + 19*l - 77. What are the prime factors of o(10)?
3, 7, 11, 23
Suppose 10*p - 25325 + 7685 = 0. Suppose 9*v - p = -0*v. What are the prime factors of v?
2, 7
Suppose 5*m = -5*o - 2865, 0 = m - 9*o + 12*o + 575. Let g = 451 - m. List the prime factors of g.
3, 11, 31
Let p(a) = -a**2 - 2*a + 3. Let j be p(-4). Let w(u) be the second derivative of -7*u**3/3 - 7*u**2 - 250*u + 3. What are the prime factors of w(j)?
2, 7
Let n(g) be the second derivative of g**5/20 - 5*g**4/12 - 13*g**3/6 - 3*g**2/2 + 61*g. List the prime factors of n(7).
2
Let q(o) = -2500*o**3 + 48*o + 174. What are the prime factors of q(-3)?
2, 3, 5, 2251
Let w(v) = -4*v - 28. Let s be w(16). Let j = s + 23. Let k = j - -149. List the prime factors of k.
2, 5
Let m(n) = n**3 - 25*n**2 + 32*n - 1523. List the prime factors of m(33).
5, 17, 97
Let o be (-2)/36*-3 + 21985/30. Suppose -2917 = -7*v - o. List the prime factors of v.
2, 3, 13
Let l(v) = -786 - 782 + 15*v + 2403 - 797 + 3*v**2. List the prime factors of l(-11).
2, 59
Suppose 287*h - 281*h - 30 = 0. Let t(a) = 11*a**3 + 13*a**2 - 16*a + 21. List the prime factors of t(h).
3, 547
Let n(p) = p**3 - 3*p**3 + 4*p**3 - 5*p**2 - 2*p**3 - 16*p - 15 - p**3. List the prime factors of n(-10).
3, 5, 43
Let h(r) = -40*r**2 + 3*r - 1. Let i be h(2). Let k = -148 - i. List the prime factors of k.
7
What are the prime factors of (2 - 263/(-2))*(9 - 2000/(-16))?
3, 67, 89
Let t(l) = -1732*l - 183. What are the prime factors of t(-7)?
11941
Let y(s) = 260*s + 1421. List the prime factors of y(-5).
11
Suppose -2*i + i + 2 = 0. Suppose -5*k + i*g = -187, -k - g = -5*g - 23. List the prime factors of (-1)/((-626)/930 - (-26)/k).
5, 31
Suppose 351*m - 1910982 - 5835669 = 13220334. List the prime factors of m.
5, 13, 919
Suppose 6*z = -29250 - 7788. List the prime factors of ((-1)/2)/(z/3086 - -2).
1543
Suppose -15*h + 33181 + 17819 = 0. List the prime factors of h.
2, 5, 17
Let v(l) = l**3 + 30*l**2 - 113*l + 16. Let n be v(-34). Let k = n + 1311. List the prime factors of k.
5, 109
Suppose 4*r - 4 - 92 = 0. Suppose 2*k + q - 5*q + 14 = 0, -3*k - 3*q = -r. List the prime factors of (275/(-5))/(-1*(-2 + k)).
5, 11
What are the prime factors of ((-16968)/196)/(6/504*-2)?
2, 3, 101
Suppose -k = -3*y + 2*y - 34, y = 3*k - 24. Let m = y + 59. Let s = 69 - m. What are the prime factors of s?
7
Let i = -70943 - -99387. List the prime factors of i.
2, 13, 547
What are the prime factors of (-890)/(-4895) - (-300254)/11?
2, 853
List the prime factors of ((-4476)/(-24) - 4)/(3/(6*109)).
5, 73, 109
Let s(i) = -4*i + 46. Suppose -56 = 5*x - 9*x. Let v be s(x). What are the prime factors of (-4)/8 - 1715/v?
3, 19
Let k be -5*(-3 - (4/(-10) - 3)). Let i be (20/24*-3)/(k/4). List the prime factors of 4268/26 - ((-40)/(-52))/i.
2, 41
Let x be (4 - 0)*(-31)/4. Let k = 299 + -250. Let u = k + x. List the prime factors of u.
2, 3
Suppose 2250 = 428*s - 353*s. Let q(w) = -w**3 - 4*w**2 + 4*w - 